r when z is divided by 16.
8
Let w = 4 - -2. Calculate the remainder when -6*5/(-40) + (-33)/(-4) is divided by w.
3
Let l be 26/(-8) - 12/16. What is the remainder when 365/4 - l/(-16) is divided by 16?
11
Suppose 0 = -j + 5*v + 60 + 8, -j + 48 = 5*v. Calculate the remainder when j is divided by 11.
3
Suppose -6*p + 3*p = 48. Let c be (p/10)/((-3)/(-255)). Let g = c - -191. What is the remainder when g is divided by 15?
10
Let y(d) = -23*d + 10. Let x be y(10). Let n = -137 - x. Calculate the remainder when n is divided by 12.
11
Suppose -8 - 7 = -5*m, 2*r = -m + 149. Calculate the remainder when 208 is divided by r.
62
Let z = 29 + -17. Calculate the remainder when 23 is divided by 4*(-9)/z*-2.
5
Let k(u) = 4*u**2 + 5*u - 3. Let j be k(1). Suppose -62 = -7*s - j. Calculate the remainder when s is divided by 3.
2
Let v(m) = m**2 - 9*m + 13. Let g be v(5). Calculate the remainder when 39 is divided by (g/3)/((-1)/(-6)*-1).
11
Suppose -32 = -2*f - 3*s + 62, 5*f = -5*s + 245. Calculate the remainder when f is divided by 18.
17
Let c be (64/(-2))/((-6)/15). Suppose 6*i - 10*i = c. Let z = -15 - i. Calculate the remainder when 18 is divided by z.
3
Let n(d) be the third derivative of d**5/15 - d**4/24 - 13*d**3/6 - 20*d**2. Calculate the remainder when n(4) is divided by 17.
13
Let q(m) = m**3 - 5*m**2 + 4. Let y = -29 + 35. Suppose -3*d - y = -6*d. Calculate the remainder when q(5) is divided by d.
0
Suppose -4*r = -2*r - 18. Suppose -4*w = -5*w + r. Calculate the remainder when w is divided by (-2)/(-3) - (112/(-12) + 7).
0
Let h = -8 + 10. Suppose -h*j - 12 = -34. Suppose 3*y - 4*s = 25, -4*s + 2*s - 30 = -4*y. What is the remainder when j is divided by y?
4
Let l(u) = 147*u**3 + u**2 + u - 2. Let w = -2 - -3. What is the remainder when l(w) is divided by 10?
7
Let x(d) = 47*d**2 + 275*d. What is the remainder when x(-6) is divided by 6?
0
What is the remainder when 177 is divided by 190/(0 + 2) + -22 + 25?
79
Suppose 5*q = 15 + 50. Let g(h) = h**3 - 3*h**2 - 4*h - 3. Let s be g(4). What is the remainder when ((-36)/42)/(s/126) is divided by q?
10
Let h be (-6)/12 - 6/(-4). Calculate the remainder when h - 4 - (-1 + -74) is divided by 19.
15
Let y(q) = q**3 + 24*q**2 - 23*q + 71. What is the remainder when 607 is divided by y(-25)?
19
Suppose b = -3*w + 6*b + 97, -3*b = w - 37. What is the remainder when 91 is divided by w?
23
Let s = 5 + -5. Let a be (2 - 2) + s + 84. Let o = a + -50. What is the remainder when 133 is divided by o?
31
Let j = -87 + 161. Let g = j + -29. Calculate the remainder when g is divided by 16.
13
What is the remainder when 129 is divided by 16 + 16 + 4 + -10?
25
Let p(t) = 90*t - 17. What is the remainder when 288 is divided by p(1)?
69
Let b(o) = 2*o**2 - 48. Let m(x) = -7*x - 3. What is the remainder when m(-10) is divided by b(6)?
19
Suppose -4*t = 5*i - 67, -9*t + 7*t + 37 = -i. Calculate the remainder when 64 is divided by t.
10
Let a(t) = -9*t**3 - 6*t**2 - 4*t - 6. Calculate the remainder when a(-2) is divided by 17.
16
Calculate the remainder when -4*((-13)/26)/((-6)/(-1383)) is divided by 79.
66
Let d(i) = 5*i + 23. Let f be d(-7). Calculate the remainder when 34 is divided by f*-1*2/4.
4
Calculate the remainder when 123 is divided by ((-14)/(-4))/((-6)/(-72)).
39
Let z = 78 - 71. Suppose -34 = -3*x - z. What is the remainder when x is divided by 6?
3
Let d = 278 + -155. Suppose 0 = 5*v - s - d, -6*s + 8 = -2*s. What is the remainder when 98 is divided by v?
23
Suppose 43*r + 336 = 51*r. Calculate the remainder when 83 is divided by r.
41
Suppose 3*k - 58 - 26 = 0. Suppose -4*q + k = 4. Suppose -q*w = -7*w + 52. Calculate the remainder when w is divided by 18.
16
Let l be 239/(-6) - 5/30. Let a = l - -56. Calculate the remainder when a is divided by (0 + 2)/2 - -8.
7
Suppose 171*l = 172*l - 79. Calculate the remainder when l is divided by 23.
10
Let w = 1252 - 1232. Calculate the remainder when 76 is divided by w.
16
Suppose -4*w + 4*b = -72, 4*w - 2*b + 7*b = 36. Let z be (-172)/2 + 5 + -3. Calculate the remainder when w is divided by (-78)/(-91)*z/(-9).
6
Let f(t) = -1 - 8*t + 1 - 1. Let d(m) = -2*m + 17. Calculate the remainder when d(-5) is divided by f(-2).
12
Let b be 7/((-245)/14) + (-3)/5. What is the remainder when (-134)/(-6) + (-2)/6 is divided by 172*b/(-22) - 12/(-66)?
6
Let o = -553 + 600. What is the remainder when 126 is divided by o?
32
What is the remainder when 116 is divided by (-135)/3*((-4)/3 + 1)?
11
Suppose -2*c + k = 3*c - 94, 20 = 2*c + 4*k. Suppose 44 + 131 = 5*z. Let j = z - c. What is the remainder when 31 is divided by j?
14
Let q(p) = -p**2 - 10*p - 8. Let v = 1325 - 1315. Calculate the remainder when q(-6) is divided by v.
6
Let w = 16 - 0. Suppose -25*l + 27*l = w. What is the remainder when 22 is divided by l?
6
Let s(a) = a**3 - 21*a**2 - 21*a - 2. Let u be s(22). Suppose -3*i + u = -2*i. Calculate the remainder when 35 is divided by i.
15
Let v be 1*(-1 + 2/2 - 1). Calculate the remainder when (v*(-156)/(-20) - 0)*-5 is divided by 14.
11
Suppose 0 = 5*m - 3*j - 72, -3*m + 2*j - 3 + 47 = 0. Let h be 3/(-12) + 3/m. Suppose h*y + 4*y - 56 = 0. Calculate the remainder when 40 is divided by y.
12
Suppose -p + 0*y + 4 = -y, -12 = -3*p + 5*y. Suppose -4*d + 285 = -2*a - 167, -p*a = -2*d + 238. Calculate the remainder when d is divided by 30.
21
Let i(x) = x**3 - 4*x**2 + 3*x + 6. Let y = 3 + -14. Let d = y - -23. What is the remainder when i(5) is divided by d?
10
Let a = 80 - 1. Suppose -25 = -p - f, f = 2*p + p - a. Calculate the remainder when p is divided by 7.
5
Let h(z) = -3*z**3 - 3*z**2 - 2*z. Let n(s) = -s**2 - 5*s + 14. Let w be n(-10). Let l = w - -34. What is the remainder when 61 is divided by h(l)?
13
Suppose -4*n + 5*n + 22 = 0. Let x = n - -50. Calculate the remainder when x is divided by 10.
8
Let x(c) = -14*c + 2. Let l be (-8)/(-6) - 4/12. Let f(u) = -u. Let s(o) = l*x(o) - 8*f(o). What is the remainder when s(-6) is divided by 20?
18
Let o = 83 - 48. Let h(p) = -87*p + 3. Let j be h(2). Let i = j + 180. What is the remainder when o is divided by i?
8
Suppose -2*n - 27 = -2*q + 41, -q - 2*n = -40. What is the remainder when 1582 is divided by q?
34
Let k = 782 - 456. What is the remainder when k is divided by 30?
26
Let w = 49 + -27. Let i = -19 + w. Suppose -5*y = -i*y - 34. Calculate the remainder when 29 is divided by y.
12
Let u = 800 + -712. What is the remainder when u is divided by 13?
10
Suppose 2*y + 6 = 4*f + 40, -y - 5*f + 3 = 0. Calculate the remainder when y is divided by 70/14 - (0 - 1 - -1).
3
Calculate the remainder when 283 is divided by (-456)/988 - (-201)/13.
13
Let d be 0/1 - (-31 + -5 + 3). Suppose -d = -2*f + 3. What is the remainder when 87 + 3/(4 - 1) is divided by f?
16
Let j = -189 + 135. Let w be (-9268)/(-9) + (-12)/j. What is the remainder when w/18 - 4/18 is divided by 30?
27
What is the remainder when -4 + -1 + 8424/78 is divided by 22?
15
Suppose -136 - 549 = -5*a. What is the remainder when a is divided by 70?
67
Let b(r) = 4*r - 78. Calculate the remainder when 103 is divided by b(24).
13
Let x(t) = -3*t - 3*t + 0*t - 2 + 1. Let o = -22 + 28. Calculate the remainder when x(-3) is divided by o.
5
Suppose 4*t + 0*t - 48 = 0. Suppose 2*j + 3*j = 115. Calculate the remainder when j is divided by t.
11
Let f be (6/4)/((-6)/(-8)). Calculate the remainder when (-819)/(-169) - 4/(-26) is divided by (5 - f)*2/3.
1
Suppose 5*v - 2*v = 5*h - 149, 2*v - 78 = -3*h. What is the remainder when 195 is divided by h?
27
Suppose 469 = -6*x + 4009. Calculate the remainder when x is divided by 66.
62
Let c(x) = x**2 + 2*x + 2. Suppose -18*k + 22 = 2*w - 20*k, -3*w + 31 = -4*k. Calculate the remainder when w is divided by c(-2).
1
Suppose 28*i = 42*i - 406. What is the remainder when 55 is divided by i?
26
Suppose 0 = d + d + 4*x - 24, -39 = -2*d - x. Let u = d + -10. What is the remainder when u is divided by 9?
3
Let b = 114 + -110. Suppose 3*x + 2*h - 20 = 0, -21 + b = -2*x - 5*h. Calculate the remainder when 29 is divided by x.
5
Let w = -39 + 67. Suppose -8*g + 475 + 613 = 4*n, 0 = 5*g + 5*n - 675. What is the remainder when g is divided by w?
25
Let x = 12 + 2. Calculate the remainder when (-21)/((-1890)/20) - 745/(-9) is divided by x.
13
S